ate the remainder when m(3) is divided by (-6)/33 - (-378)/22.
15
What is the remainder when 87 is divided by 45/1*(-1)/(-3)?
12
Suppose -15*l + 776 + 184 = 0. What is the remainder when l is divided by 33?
31
Let y(o) = 13*o + 1. Calculate the remainder when y(2) is divided by 10.
7
Let u(b) = -3*b**3 - 2*b + 4 + 2*b**3 + b + 3*b**2 + 2*b. Let p be u(3). Let w(t) = t**2 - 4*t - 5. Calculate the remainder when w(p) is divided by 6.
4
Let k = 64 + -36. What is the remainder when k is divided by 15?
13
Suppose 0*j = j - 5. Suppose 4*k - 108 = -j*p, 2*p + 2*k - 50 = -3*k. Suppose -29 = -4*d - 5*v, v + 0*v + 3 = 0. Calculate the remainder when p is divided by d.
9
Suppose 4*a + 25 - 77 = -2*l, a = -4*l + 132. What is the remainder when l is divided by (0 - -1)/((-1)/(-18))?
16
What is the remainder when ((-195)/26)/(1/(-14)) is divided by 27?
24
Let m(j) = -j**3 + 19*j**2 + 7. Suppose -5*g = -q - 0*q - 87, 5*g - 93 = -q. What is the remainder when g is divided by m(19)?
4
Let r = 8 + -6. Let b(g) = -g**3 + 5*g**2 - 4*g - 3. Calculate the remainder when b(3) is divided by r.
1
Suppose 7*g = 2*g. Suppose -6*x + x + 40 = -5*k, 5*x - 2*k - 49 = g. What is the remainder when x is divided by (-2)/((2/3)/(-2))?
5
What is the remainder when 19 is divided by (1 + (-5)/2)/(6/(-16))?
3
Let p(x) be the first derivative of x**4/4 + x**3/3 - 2*x + 7. Let q(f) = 2*f**2 - f. Let a be q(-1). What is the remainder when p(a) is divided by 12?
10
Let j = 203 + -125. Calculate the remainder when j is divided by 16.
14
Suppose 4*r - 36 = 4*t, 3*r = -t - 6 - 3. What is the remainder when (8 + t)/(2/(-10)) is divided by 2?
1
Let u = -10 - -16. Let p be 42/(-4)*(-4)/u. Suppose -v - v = 3*s - p, -3*v + 18 = 3*s. What is the remainder when 21 is divided by v?
10
Suppose -3*b = b - 152. What is the remainder when b is divided by 13?
12
Suppose 1 = -3*b - 4*p, -7 = -4*b + 3*p + 25. Suppose -4*z + 1 = b, -27 = -4*m - 5*z. What is the remainder when 17 is divided by (9/(-4))/((-2)/m)?
8
Let i = 22 + -22. Suppose i*m - 2*c + 54 = 3*m, 4*m + 5*c = 79. Let x(a) = 3*a**2 + 2*a + 1. Calculate the remainder when m is divided by x(-2).
7
Suppose 2*i = 3*q + 1 - 7, -3*q = -4*i. Suppose i*u - 2*u = 22. Calculate the remainder when u is divided by 8.
6
Let m = -11 + 15. Suppose 2*z + 4 = -2*n, 2*n + m = -4*z - 0*n. Suppose z = -5*a + 13 + 7. Calculate the remainder when 6 is divided by a.
2
Let a(k) = 0 + 11*k - 2 + 0. Calculate the remainder when a(2) is divided by 11.
9
Let x = -2 + 4. Let y(g) = -2 - 7*g**2 - g + 4*g**x - 3*g - 3*g**3. What is the remainder when y(-2) is divided by 10?
8
Let t(w) = 11*w - 13. Calculate the remainder when t(6) is divided by 27.
26
Suppose -2*z - 6 = -8, 137 = w - 5*z. Calculate the remainder when w is divided by 36.
34
Suppose 2*a - 1 = a. Let q be (1 + a)/(1 - 0). Suppose q = 2*r - 0*r. What is the remainder when 1 is divided by r?
0
Suppose 0 = y - 2*a - 1 + 9, -2*y = -5*a + 14. Let n(k) = -4*k**3 - k - 2. Let m be n(2). Let s = y - m. What is the remainder when 46 is divided by s?
22
Let b(x) = -x**3 + 7*x**2 - 4*x - 3. Suppose 3*j + 7 - 19 = 0. What is the remainder when b(j) is divided by (-14 + 9)/((-1)/2)?
9
Let o(p) = -1 + 4*p - 4*p - p**3 - 4*p**2 + 4*p + 2*p**3. Suppose 5 = 4*g - 7. What is the remainder when g is divided by o(3)?
1
Suppose 6*z - 115 - 77 = 0. Calculate the remainder when z is divided by 11.
10
Let l(g) = g**3 + 7*g**2 - 11*g - 4. Let t(n) = n**3 - 14*n**2 - 14*n + 23. Calculate the remainder when t(15) is divided by l(-8).
18
Suppose -j = -4*p - 14, -j - p + 12 = -4*p. Suppose g + 3*x = -4, 3*x = -g - g + 7. What is the remainder when g is divided by j?
5
Calculate the remainder when (-595)/(-10) - (-3)/(-2) is divided by 12.
10
Let v(n) = n - 3. Suppose 3*h - 10 = -4*q + 17, 2*q + 19 = 5*h. Let p be v(h). Suppose -p*c - 2*c = -16. What is the remainder when 11 is divided by c?
3
Suppose 0 + 64 = 2*v. Let m = -68 + v. Let d = -20 - m. Calculate the remainder when d is divided by 9.
7
Let m(g) = -g**3 + 2*g**2 + 4*g - 3. Let r be m(3). Suppose 5*h - 2*h + 5*j - 96 = r, 0 = j. What is the remainder when h is divided by 11?
10
Let z = -4 - 2. Let a(u) = 10 + 2*u - 5*u - 24 + 13. Calculate the remainder when 49 is divided by a(z).
15
Suppose -2*s - 3*s = 0. Suppose -b + 28 = 2*a - 0*a, 5*a - 5*b - 70 = s. What is the remainder when a is divided by 4?
2
Let l(n) = 4*n - 4. What is the remainder when 10 is divided by l(2)?
2
Let u = -27 + 29. Suppose 0*j = 5*x + u*j - 101, 11 = x + 5*j. What is the remainder when x is divided by 11?
10
Let m(w) = 3*w - 9. Calculate the remainder when 34 is divided by m(7).
10
Let s(a) = -a**2 + a - 1. Let q be s(0). Let v = 4 + q. Let o(z) = z**3 - z**2 - 3*z - 1. What is the remainder when 15 is divided by o(v)?
7
Let v be 72/20 + 6/(-10). Suppose 0 = g + d - 47, 3*g - v*d = -8*d + 135. What is the remainder when g is divided by 17?
16
Suppose 3*s = s + 6, 2*n - 4*s - 114 = 0. What is the remainder when n is divided by 6?
3
Let j be 1110/20*(-4)/(-6). Suppose 0 = d - j - 16. Calculate the remainder when d is divided by 14.
11
Let t be 10/25 + 42/(-5). Calculate the remainder when 8 is divided by (-2)/t - 184/(-32).
2
Suppose 0 = -n + 7*n - 78. What is the remainder when 64 is divided by n?
12
Let x(y) = y**2 + 2*y - 10. Let q(a) = 2*a - 5. Suppose 5*u - 7 = 23. Let b be q(u). What is the remainder when x(b) is divided by 14?
11
Suppose 0 = 2*q + 3*b - 42, -2*b = q - 5*q + 52. Suppose 2*z - q = -z. Let p(s) = 15*s**2 + 2*s + 1. What is the remainder when p(-1) is divided by z?
4
Suppose 5*x + 8 = 7*x. Suppose 225 = x*o - o. What is the remainder when o is divided by 26?
23
Calculate the remainder when 72 is divided by (133/(-21))/(14/(-6) + 2).
15
Suppose -2*l = -2 - 6, 136 = 4*x + 4*l. What is the remainder when 142 is divided by x?
22
Calculate the remainder when (-71)/(14/(-12) - (-10)/15) is divided by 29.
26
Let s(n) = -n**3 - 14*n**2 + 13*n - 29. Calculate the remainder when s(-15) is divided by 1.
0
Let q = 8 - 3. Suppose 0 = q*b + 1 - 31. Suppose 3*f = -4*c + 25, -3*f + 5 = -c + 30. Calculate the remainder when c is divided by b.
4
Suppose -34 = -3*l + 17. Suppose -5*i + 0*i + 225 = 5*p, 2*i + p - 95 = 0. Calculate the remainder when i is divided by l.
16
Calculate the remainder when 109 is divided by -74*-1*3/(1 - -5).
35
Calculate the remainder when 23 is divided by -2 - (1*-15 + 0).
10
Suppose 0 = -5*v + 394 + 821. Suppose 0 = -4*d - 31 + v. Let y = d + -34. What is the remainder when 37 is divided by y?
18
Suppose 2*k - 4*x - 1 = 5, -4*x = 3*k - 49. Let u = 47 - 16. What is the remainder when u is divided by k?
9
Suppose -368 = -0*n - 16*n. Calculate the remainder when 68 is divided by n.
22
Let u(i) = i**2 - 19. What is the remainder when u(6) is divided by 5?
2
Suppose -3*x + 76 = 3*v - 26, -4*v + 3*x = -108. Let d = 49 + -26. Suppose 3*f + 2*g = d, 5*g = -3*f + v - 4. Calculate the remainder when f is divided by 3.
1
Let r(c) = c**2 + 2*c + 6. Let d(q) = q**3 + 5*q**2 - 6*q + 6. Let a be d(-6). Let b = a + -1. Calculate the remainder when r(-4) is divided by b.
4
What is the remainder when (-6)/(-21) - 1256/(-14) is divided by (-4)/10 - (-157)/5?
28
Let i(t) = 1 - 1 - 1 - t. Let n be i(-3). Suppose -n + 8 = o. Calculate the remainder when 10 is divided by o.
4
Let z(v) = -23*v - 2. Suppose 5*y + 149 = -41. Let q = -15 - y. What is the remainder when z(-2) is divided by q?
21
Let v(n) = n**3 + 4*n**2 + 4*n + 2. Let o be -4 + (2 - 3) + 3. Calculate the remainder when 7 is divided by v(o).
1
Suppose -4*l + 42 = -62. What is the remainder when l is divided by 9?
8
Let r(c) = 11*c - 18. Calculate the remainder when 76 is divided by r(4).
24
Let i(n) = 4*n - 6. Let j(u) = -5*u + 5. Let w(y) = -4*i(y) - 6*j(y). Let d be w(4). Suppose 0 = z + 4*z - d. What is the remainder when 29 is divided by z?
9
Calculate the remainder when (2/(-6))/((-3)/243) + -2 is divided by 10.
5
Suppose 57 = 5*t - 18. What is the remainder when 27 is divided by t?
12
Suppose 6 = -3*f + 5*f. Suppose -4*g = -2*g - 10. Suppose g*h = 2 + 8. What is the remainder when f is divided by h?
1
Let z = -38 - -91. Calculate the remainder when z is divided by ((-54)/4)/(26/(-52)).
26
Suppose -16*x + 56 = -12*x. What is th